{"id":27,"date":"2025-05-05T17:42:40","date_gmt":"2025-05-05T17:42:40","guid":{"rendered":"https:\/\/clerita.ee\/?page_id=27"},"modified":"2026-08-10T08:46:49","modified_gmt":"2026-08-10T08:46:49","slug":"minust","status":"publish","type":"page","link":"https:\/\/clerita.ee\/en\/minust\/","title":{"rendered":"About me"},"content":{"rendered":"<div class=\"wp-block-columns is-layout-flex wp-container-core-columns-is-layout-8f761849 wp-block-columns-is-layout-flex\">\n<div class=\"wp-block-column is-layout-flow wp-block-column-is-layout-flow\" style=\"flex-basis:66.66%\">\n<p class=\"wp-block-paragraph\">My name is Katrin. My calling is connected to supporting and helping others \u2013 for over 15 years, I have been working in the social sector, providing support to those who need understanding, patience, and a conscious approach.\nMy work has taken me into the social field through direct client work, organizing and conducting trainings, and into the education field as a head of learning and development. I now feel it is time to bring together the knowledge and experience from both sectors.\nWhat has been especially close to my heart is working with people with mental health special needs, where I have been able to support both clients and contribute to the development of professionals through training and consultation. <\/p>\n<\/div>\n\n\n\n<div class=\"wp-block-column is-layout-flow wp-block-column-is-layout-flow\" style=\"flex-basis:33.33%\">\n<figure class=\"wp-block-image size-full is-resized is-style-rounded\"><img loading=\"lazy\" decoding=\"async\" width=\"609\" height=\"945\" src=\"https:\/\/clerita.ee\/wp-content\/uploads\/2026\/08\/katrinjaarats-6.jpg\" alt=\"\" class=\"wp-image-1221\" style=\"aspect-ratio:0.6444569922830793;width:169px;height:auto\" srcset=\"https:\/\/clerita.ee\/wp-content\/uploads\/2026\/08\/katrinjaarats-6.jpg 609w, https:\/\/clerita.ee\/wp-content\/uploads\/2026\/08\/katrinjaarats-6-193x300.jpg 193w, https:\/\/clerita.ee\/wp-content\/uploads\/2026\/08\/katrinjaarats-6-8x12.jpg 8w\" sizes=\"auto, (max-width: 609px) 100vw, 609px\" \/><\/figure>\n<\/div>\n<\/div>\n\n\n\n<p class=\"wp-block-paragraph\">My educational journey was shaped by Tallinn University, where I obtained both a Bachelor\u2019s and a Master\u2019s degree in Social Sciences. I have also completed a micro-degree programme in adult education at Tallinn University and hold a Level 7 professional qualification as an adult educator.\n\nIn addition, I have professional experience as an expert assessing the quality of continuing education and training at the Estonian Quality Agency for Education.\n\nI am fluent in English and have conversational proficiency in Russian and Italian. I believe that international experience is an asset in any field. The opportunity to communicate across different cultural contexts and learn from the experiences of others is highly valuable to me\u2014it broadens my perspective while bringing flexibility and creativity to my work.\n\nI also consider my experience in project development and implementation to be a significant added value. It has reinforced my belief that international experience enriches every field. Different approaches and the exchange of experiences help create more flexible, meaningful, and effective solutions at the local level as well.<\/p>\n\n\n\n<p class=\"wp-block-paragraph\">I am characterized by good analytical skills, empathy and the ability to work both in a team and independently. I value systematicity, good communication and effective time planning. Thanks to good digital competence, I am open to new solutions and ready to use modern tools in my daily work.<\/p>\n\n\n\n<p class=\"wp-block-paragraph\">In my free time, I love to travel, do crafts, and grow blueberries - these are my ways of finding balance, gathering inspiration, and staying connected to nature and myself.<\/p>\n\n\n\n<p class=\"wp-block-paragraph\">If you would like to know more about my experiences or activities, feel free to contact me - I am always open to collaboration and new challenges!<\/p>\n\n\n\n<div class=\"wp-block-buttons is-content-justification-left is-layout-flex wp-container-core-buttons-is-layout-63375db1 wp-block-buttons-is-layout-flex\">\n<div class=\"wp-block-button\"><a class=\"wp-block-button__link has-text-color has-background has-link-color wp-element-button\" href=\"https:\/\/clerita.ee\/en\/kontakt\/\" style=\"color:#fff8f2;background-color:#8a4b2d\">Contact me<\/a><\/div>\n<\/div>\n\n\n\n<p class=\"wp-block-paragraph\"><\/p>","protected":false},"excerpt":{"rendered":"<p>Mina olen Katrin. Minu kutsumus on seotud teiste toetamise ja aitamisega \u2013 \u00fcle 15 aasta olen tegutsenud sotsiaalvaldkonnas, olles toeks neile, kes vajavad m\u00f5istmist, kannatlikkust ja teadlikku l\u00e4henemist. Minu t\u00f6\u00f6 on viinud mind nii otsese kliendit\u00f6\u00f6, koolituste korraldamise ja l\u00e4biviimise kaudu sotsiaalvaldkonda ning \u00f5ppe- ja arendust\u00f6\u00f6 juhina haridusvaldkonda. Tunnen, et n\u00fc\u00fcd on aeg kahe valdkonna &hellip; <\/p>\n<p class=\"link-more\"><a href=\"https:\/\/clerita.ee\/en\/minust\/\" class=\"more-link\">Continue reading<span class=\"screen-reader-text\"> &#8220;Minust&#8221;<\/span><\/a><\/p>","protected":false},"author":1,"featured_media":0,"parent":0,"menu_order":0,"comment_status":"closed","ping_status":"closed","template":"","meta":{"_uag_custom_page_level_css":"","footnotes":""},"class_list":["post-27","page","type-page","status-publish","hentry"],"uagb_featured_image_src":{"full":false,"thumbnail":false,"medium":false,"medium_large":false,"large":false,"1536x1536":false,"2048x2048":false,"trp-custom-language-flag":false,"twentyseventeen-featured-image":false,"twentyseventeen-thumbnail-avatar":false},"uagb_author_info":{"display_name":"KatJA","author_link":"https:\/\/clerita.ee\/en\/author\/katja\/"},"uagb_comment_info":0,"uagb_excerpt":"Mina olen Katrin. Minu kutsumus on seotud teiste toetamise ja aitamisega \u2013 \u00fcle 15 aasta olen tegutsenud sotsiaalvaldkonnas, olles toeks neile, kes vajavad m\u00f5istmist, kannatlikkust ja teadlikku l\u00e4henemist. Minu t\u00f6\u00f6 on viinud mind nii otsese kliendit\u00f6\u00f6, koolituste korraldamise ja l\u00e4biviimise kaudu sotsiaalvaldkonda ning \u00f5ppe- ja arendust\u00f6\u00f6 juhina haridusvaldkonda. Tunnen, et n\u00fc\u00fcd on aeg kahe valdkonna&hellip;","_links":{"self":[{"href":"https:\/\/clerita.ee\/en\/wp-json\/wp\/v2\/pages\/27","targetHints":{"allow":["GET"]}}],"collection":[{"href":"https:\/\/clerita.ee\/en\/wp-json\/wp\/v2\/pages"}],"about":[{"href":"https:\/\/clerita.ee\/en\/wp-json\/wp\/v2\/types\/page"}],"author":[{"embeddable":true,"href":"https:\/\/clerita.ee\/en\/wp-json\/wp\/v2\/users\/1"}],"replies":[{"embeddable":true,"href":"https:\/\/clerita.ee\/en\/wp-json\/wp\/v2\/comments?post=27"}],"version-history":[{"count":5,"href":"https:\/\/clerita.ee\/en\/wp-json\/wp\/v2\/pages\/27\/revisions"}],"predecessor-version":[{"id":1247,"href":"https:\/\/clerita.ee\/en\/wp-json\/wp\/v2\/pages\/27\/revisions\/1247"}],"wp:attachment":[{"href":"https:\/\/clerita.ee\/en\/wp-json\/wp\/v2\/media?parent=27"}],"curies":[{"name":"wp","href":"https:\/\/api.w.org\/{rel}","templated":true}]}}

<p>Mina olen Katrin. Minu kutsumus on seotud teiste toetamise ja aitamisega – üle 15 aasta olen tegutsenud sotsiaalvaldkonnas, olles toeks neile, kes vajavad mõistmist, kannatlikkust ja teadlikku lähenemist. Minu töö on viinud mind nii otsese klienditöö, koolituste korraldamise ja läbiviimise kaudu sotsiaalvaldkonda ning õppe- ja arendustöö juhina haridusvaldkonda. Tunnen, et nüüd on aeg kahe valdkonna &hellip; </p>
<p class="link-more"><a href="https://clerita.ee/en/minust/" class="more-link">Continue reading<span class="screen-reader-text"> &#8220;Minust&#8221;</span></a></p>

Mina olen Katrin. Minu kutsumus on seotud teiste toetamise ja aitamisega – üle 15 aasta olen tegutsenud sotsiaalvaldkonnas, olles toeks neile, kes vajavad mõistmist, kannatlikkust ja teadlikku lähenemist. Minu töö on viinud mind nii otsese klienditöö, koolituste korraldamise ja läbiviimise kaudu sotsiaalvaldkonda ning õppe- ja arendustöö juhina haridusvaldkonda. Tunnen, et nüüd on aeg kahe valdkonna&hellip;
